 be v(6). Let j be (z - 47)*(-3)/(9/(-5)). Suppose 3*w + j*w + 40 = 0. Let l(a) = a**2 + 4*a - 4. Give l(w).
1
Let b(h) = h**2 + 6*h - 7. Suppose 4*t = 3*t + 3*g + 13, -2*g + 150 = 5*t. Let f be -8*4/8 + t. Suppose -f = 6*a - 2*a. Determine b(a).
-7
Let n(v) = v**3 + 13*v**2 - 15. Let x(a) = 5*a**2 - 18*a - 132. Let g be x(7). Determine n(g).
-15
Let d(q) = -72*q + 794. Let i be d(0). Let o = 791 - i. Let s(a) = 4*a - 6*a - 2*a + 2. Calculate s(o).
14
Suppose 17*x - 21*x + 2*y - 10 = 0, 15 = -5*y. Let n(b) = b + 8. Give n(x).
4
Let l = -915 + 918. Let b(c) be the second derivative of -c**3/3 + 2*c**2 - 9*c. Determine b(l).
-2
Suppose 5*a + 0 + 37 = -3*t, -4*a - 35 = 3*t. Let s be (4/((-48)/20))/(3/t). Let x(q) = s*q + 11*q + 8 + q**3 - 11*q - 8*q**2. Give x(7).
-6
Let i(m) = -80 - 82*m + 68 + 83*m. Let a(t) = -t + 11. Let f(y) = -4*a(y) - 3*i(y). Calculate f(15).
7
Let r(y) = y**3 + 6*y**2 + 5*y + 3. Suppose 1567 - 37 = 18*j. Let k be (-3)/4 - j/20*1. What is r(k)?
3
Let n(h) = 5*h - 5. Let x(s) = 6*s - 4. Let f(k) = 5*n(k) - 4*x(k). Let w be 2 - -1 - (1 + 0/3). Suppose -j = 4*i - 13 + 11, -j = -w. What is f(i)?
-9
Suppose 6*n = n - 0*n. Let x = 45 - 46. Let z(m) = m. Let h(y) = -4*y + 18. Let u(t) = x*h(t) - 3*z(t). Calculate u(n).
-18
Let a be ((-225)/36 + 5)/(((-33)/(-36))/11). Let d(q) = q + 21. Determine d(a).
6
Suppose 5*s - v + 26 = 7*s, 6*v = -3*s + 3. Let b(u) = u**3 - 16*u**2 - 16*u + 18. Give b(s).
35
Suppose 2*m - 6 = 2*t, 24 = -2*t - 4*m + 6. Let v(r) = 12*r + 7. Determine v(t).
-53
Let z(b) be the third derivative of -b**7/2520 + b**6/720 + 83*b**4/24 - b**2 + 57. Let s(l) be the second derivative of z(l). Calculate s(-2).
-6
Let j(f) = -118355*f + 5 - 19 + 118356*f. Determine j(0).
-14
Let g(v) = -131 + 118 - 29*v + 26*v. What is g(-7)?
8
Let a = 16818 - 16825. Let m(h) = h**3 + 6*h**2 - 11*h - 29. What is m(a)?
-1
Suppose -5*n + 4*y = 78, 3*y = 4*y - 2. Let w(m) = -4*m**2 - 19*m + 16. Let u(o) = -7*o**2 - 36*o + 32. Let p(d) = -3*u(d) + 5*w(d). Determine p(n).
-2
Let k(m) = m**3 - 5*m**2 + 3*m - 2. Let u = -310 - -327. Suppose -20*r = -u*r - 9. Calculate k(r).
-11
Suppose -s - 4*l = -2*s + 2, 4*s + 5*l + 13 = 0. Let t(a) = 2*a**2 - 6. Let y be t(s). Let g(i) = 0 - 7*i**3 + 3*i**3 - 1 - y*i**3. What is g(-1)?
5
Let t(a) be the second derivative of a**4/12 - a**3/6 + a**2 + a. Suppose -2 = z, 4*z + 4*z = -2*l - 16. What is t(l)?
2
Let r(q) = 7*q**3 + 25*q**2 - 3*q - 14. Let l(y) = -11*y**3 - 39*y**2 + 5*y + 23. Let k(v) = 5*l(v) + 8*r(v). What is k(-4)?
15
Let d(g) = -g**2 - 58*g - 165. Let n be d(-55). Let t(l) = l**2 - l + 39. Determine t(n).
39
Let r(p) = p + 9. Let j(d) = d**2 - 39*d + 334. Let o be j(12). Determine r(o).
19
Suppose -16*n = 4*n - 2*n + 18. Let g(q) = 2*q**3 + 4*q**2 + q. Let d(w) = -7*w**3 - 17*w**2 - 4*w. Let f(j) = 2*d(j) + 9*g(j). Determine f(n).
-3
Let x = 6 + 3. Let p(w) = -5 + 17*w**2 - 8 - 8*w + 7*w**2 + 13*w**2 - 36*w**2. What is p(x)?
-4
Let y(f) be the third derivative of 5*f**4/24 - 7*f**3/6 + 3951*f**2. Calculate y(3).
8
Let z be 49/(19 - (-12)/(-1)). Let j(l) = -10*l + 67. Determine j(z).
-3
Let y(q) = -48*q + 341. Suppose 0 = -5*r - 3*v + 47, v + 2*v - 33 = -3*r. What is y(r)?
5
Suppose -11*f + 127 = -26*f + 22. Let y(g) = -13*g - 44. What is y(f)?
47
Let b(o) = o**2 - 8*o - 2. Let n = 66 + -17. Suppose 0 = -5*q - 5, 0 = -3*d + 3*q - 17 - n. Let k = d + 29. Calculate b(k).
-14
Let k(z) = 5 - 2*z**2 + z**3 - 3 - 3*z + 2. Let t = 780 + -543. Suppose 5*u + t = 84*u. Give k(u).
4
Let d(x) = 2 + 1 + x**2 + 5 + 7*x. Let c(n) = 8*n**2 + 22*n - 15. Let u be c(6). Let k = u + -411. Determine d(k).
2
Let g = 1364 + -1370. Let m(c) = -57*c - 336. Calculate m(g).
6
Let a be (-1)/2*2 - 3. Let n(m) be the second derivative of -m**3/3 - m**2 + 1376*m. Calculate n(a).
6
Let f(r) = 2*r**3 - 14*r**2 - 18*r + 9. Let j = -11974 - -11982. Determine f(j).
-7
Let z(f) = 29*f**3 + 5*f**2 - 7*f - 2. Let w(n) = -7*n**3 + n + 1. Let c(k) = 5*w(k) + z(k). What is c(2)?
-29
Let p = -434 + 434. Let o(r) be the third derivative of 0 - 7/6*r**3 + p*r - 1/24*r**4 - 13*r**2. Calculate o(5).
-12
Suppose 505*a - 160 = 521*a. Let q(f) = 2*f - 1. Give q(a).
-21
Let i(l) = 7*l + 37. Let n(h) = -h + 1. Let t(z) = -i(z) + 3*n(z). Give t(-4).
6
Let p(y) = 7*y**3 + 453*y**2 + 9*y + 60. Let d(z) = z**3 + 82*z**2 + 2*z + 12. Let x(h) = 11*d(h) - 2*p(h). Determine x(-2).
12
Let m(x) be the third derivative of 5*x**4/24 + 17*x**3/3 - 360*x**2. Let b(d) = -3*d**2 + 8*d + 8. Let p be b(4). Give m(p).
-6
Let j = 636 - 633. Let n(w) = 5*w - j*w - 11*w - w**2 + 3*w - 7 - w. Give n(-5).
3
Suppose g - g = -2*g. Let p(m) = 4*m - 14. Let z(u) = u - 4. Let b be z(9). Let l(q) = 5*q - 13. Let n(d) = b*l(d) - 6*p(d). Calculate n(g).
19
Let r(s) = 13*s + 9. Suppose -39*i - 575 = 76*i. Give r(i).
-56
Suppose -2 = -o, -4*o - 79 = -5*w - o. Let y be w/(-7) - (-96)/(-168). Let l(f) = f**2 - f - 6. What is l(y)?
6
Let c(y) = 8*y - 63. Suppose 0 = 5*x + a - 50, -3*x - a - 1555 + 1587 = 0. Give c(x).
9
Let s = -642 - -666. Let i be 21*(1 + s/(-42)). Let z(a) = -2*a - 7. Give z(i).
-25
Let i = -21 - -37. Suppose -3*a - i*a = 76. Let p(k) = -5*k - 1. Calculate p(a).
19
Suppose -i + 3*z - 5 = 0, z - 15 = 3*i - 0*z. Let a = 5 + 0. Let p(j) = j**3 - 2*j + 7*j**2 - 8*j**2 + a*j**2. Determine p(i).
-15
Let s(q) = 2*q - 30. Let h(k) = 12*k - 145. Let p(b) = -h(b) + 5*s(b). Suppose 0 = -5*o + o + 52. Let v = -7 + o. Calculate p(v).
-17
Let g(w) = 3*w - 2. Let y be g(-4). Let v(d) = 2*d + 32. Let m be v(y). Let c(s) = -6 - 1 + 4 - 18*s**2 + m. Calculate c(1).
-17
Let h = -42 - -35. Let g be 3/h + (-33)/21. Let q(d) = 4*d - d - 3*d - 2*d - 2. What is q(g)?
2
Let n be -1*2/(-56)*7*-76. Let j(o) = -o**3 - 21*o**2 - 40*o - 41. Give j(n).
-3
Suppose -r - 54 = -5*q + 105, 4*q - 144 = -2*r. Let a(h) = 5*h - 154. Give a(q).
11
Let q(f) = f**2 + 9*f - 117. Let u be (40/4 - (11 + -14)) + -6. Determine q(u).
-5
Suppose -33*b - 4 - 5 = -108. Let f(i) = -3*i**3 + 3*i**2 - 6*i + 8. Calculate f(b).
-64
Let k be (-399)/35 + (-2 - 48/(-20)). Let n(c) = c + 21. Give n(k).
10
Let x(u) = -3*u + 8. Let o(b) = b. Let g(h) = -4*o(h) - x(h). Suppose -k - 4*y - 8 = 0, -k + 1 = -2*y + 3*y. Let n = k - 11. Determine g(n).
-1
Let k(v) = 2*v**3 - 5*v**2 + 4*v + 1. Suppose 0 = -n - 4*n. Suppose -210 = -6*w - n*w. Suppose q - 3*g + 13 = g, 5*q + 5*g = w. Calculate k(q).
22
Let s(v) = 7*v**2 - 5*v - 12. Let h = 21024 + -21020. What is s(h)?
80
Let y(o) = 3*o + 1. Let k be (55/(-3) - 1)/(18/(-27)). Suppose -c = -31 + k. Suppose -5*z + c*z = 3*x - 6, 0 = -3*z - 12. Determine y(x).
19
Let o(i) be the third derivative of -i**6/60 + i**5/6 + i**4/12 + i**3/2 - 3*i**2 - 99. Determine o(5).
13
Let j(v) = 3*v + 1. Let n(x) = -8*x + 192 - 50 - 43 - 48 - 49. Let t(g) = 2*j(g) + n(g). Determine t(-3).
10
Let p(n) = 19 - 3*n + 0 - 11 + 6 + 13*n. What is p(-5)?
-36
Suppose -533*y + 492*y = 328. Let f(i) = -i**3 - 9*i**2 + 18. Give f(y).
-46
Let b(g) = 13*g + 3. Let r(d) = -111*d - 25. Let n(p) = 51*b(p) + 6*r(p). What is n(7)?
-18
Let s(h) = -4*h**3 + 654*h**2 + 3*h**3 + 656*h**2 - 1309*h**2. Calculate s(3).
-18
Let y(t) = -3*t + 2. Let q(c) = -9*c + 4. Let x be 6 - (6 + -1 + -1). Let v(p) = x*q(p) - 5*y(p). Calculate v(-4).
10
Let h(o) = -6*o**2 - o + 3. Suppose -62*a - 20*a = 10*a - 368. Determine h(a).
-97
Let b be (-8)/(-28) - (-4)/(-14). Suppose 0 = 3*m + 3 - b. Let i(c) be the third derivative of c**4/24 - c**3/6 + 4638*c**2. Give i(m).
-2
Let s = 273 - 265. Suppose s*a + 10*a + 72 = 0. Let u(m) = -8*m + 5. What is u(a)?
37
Suppose r - 2*r = 5*i + 8, -2*r - 3*i = 16. Let x(c) be the third derivative of c**5/60 + 7*c**4/24 - 5*c**3/3 - 310*c**2. What is x(r)?
-2
Let l = 559 + -559. Suppose 4*m = -2*h - 8, 2*m + 12 = -h + 2*h. Let p(q) = 2*q - q + h - 2*q. Determine p(l).
4
Let j(q) = -12*q - 1. Let y = 3624 - 3625. Give j(y).
11
Let l(q) = -8*q + 3. Let f be ((-2)/(-4))/(-3 - (-5)/2). Let x be (-10)/(1 - 6) - (f + -1). Suppose 8 = x*s + v, 4*s + 4*v = v. Determine l(s).
-21
Let n(y) be the second derivative of -11*y**7/2520 - y**6/360 + y**5/120 - y**4/12 + y**2 - 14*y. Let o(u) be the third derivative of n(u). Determine o(1).
-12
Let l(x) = -4*x**2 + 110 + 3*x**2 - 128 + 16*x. Let k be l(14). Let z(q) = 